{"version":"1.0","provider_name":"M\u00e1tra","provider_url":"https:\/\/matra.cafeblog.hu","author_name":"A konyha \u00f6rd\u00f6ge","author_url":"https:\/\/matra.cafeblog.hu\/author\/urbancsilla73gmail-com\/","title":"Kir\u00e1nduljunk a M\u00e1tr\u00e1ban!","html":"<p>A hegyek szeretete benne van a v\u00e9remben. A gyermek-, \u00e9s ifj\u00fa koromat a Budai-hegyek \u00f6lel\u00e9s\u00e9ben t\u00f6lt\u00f6ttem el, \u00e9s ugyan jelenleg s\u00edk ter\u00fcleten lakom, sosem tudtam elszakadni a hegyvid\u00e9kt\u0151l. A csal\u00e1dommal minden nyaral\u00e1sunkat \u00e9s sz\u00e1mtalan kir\u00e1ndul\u00e1sunkat is a hegyek k\u00f6z\u00e9 tervezz\u00fck.\u00a0Mostani lak\u00f3helyemhez az \u00c9szaki-k\u00f6z\u00e9phegys\u00e9g van a legk\u00f6zelebb, ez\u00e9rt gyakran tesz\u00fcnk l\u00e1togat\u00e1sokat a M\u00e1tr\u00e1ban.<br \/><br \/><\/p>\r\n[caption id=\"attachment_5\" align=\"alignright\" width=\"368\"]<img class=\" wp-image-5\" src=\"https:\/\/matra.cafeblog.hu\/files\/2020\/10\/M\u00e1tra-t\u00e9rk\u00e9p.jpg\" alt=\"\" width=\"368\" height=\"239\" \/> forr\u00e1s: pixabay.com[\/caption]\r\n<p>Az orsz\u00e1g legmagasabb cs\u00facsa a K\u00e9kestet\u0151, meredek \u00e9szaki-, \u00e9s lank\u00e1sabb nyugati s\u00edp\u00e1ly\u00e1ja miatt t\u00e9len k\u00fcl\u00f6n\u00f6sen nagy n\u00e9pszer\u0171s\u00e9gnek \u00f6rvend. Manaps\u00e1g m\u00e1r nem felt\u00e9tel a h\u00f3es\u00e9s sem, h\u00f3\u00e1gy\u00fakkal remek s\u00edp\u00e1ly\u00e1kat alak\u00edtanak ki (de az\u00e9rt az az igazi, ha a f\u00e1k is havasak, nem csak a s\u00edp\u00e1lya). A K\u00e9kes \u2013 M\u00e1trah\u00e1za s\u00edp\u00e1lya, Magyarorsz\u00e1g leghosszabb lesikl\u00f3p\u00e1ly\u00e1ja, melyen nemzetk\u00f6zi versenyek lebonyol\u00edt\u00e1s\u00e1ra alkalmas s\u00edugr\u00f3 s\u00e1nc is \u00e9p\u00fclt.<br \/>A nemzetk\u00f6zi h\u00edr\u0171 m\u00e1trah\u00e1zi t\u00fcd\u0151szanat\u00f3rium nyitott az eg\u00e9szs\u00e9gturisztik\u00e1ra is, mely, a Sv\u00e1jci-Magyar Egy\u00fcttm\u0171k\u00f6d\u00e9si Program keretein bel\u00fcl val\u00f3sulhat meg. A t\u00f6bb, mint 75 \u00e9ves int\u00e9zet \u00e9p\u00edt\u00e9sekor Eur\u00f3pa legnagyobb t\u00fcd\u0151int\u00e9zete volt. A j\u00f3 leveg\u0151 garancia a sikeres gy\u00f3gykezel\u00e9sekre.<br \/><br \/><\/p>\r\n[caption id=\"attachment_6\" align=\"alignleft\" width=\"314\"]<img class=\" wp-image-6\" src=\"https:\/\/matra.cafeblog.hu\/files\/2020\/10\/A-M\u00e1tra-\u0151sszel.jpg\" alt=\"\" width=\"314\" height=\"209\" \/> forr\u00e1s: pixabay.com[\/caption]\r\n<p>S\u00e1st\u00f3n tal\u00e1lhat\u00f3 Magyarorsz\u00e1g egyik legmagasabban fekv\u0151 tava, melynek jellegzetess\u00e9ge az olajf\u00far\u00f3 toronyb\u00f3l \u00e1talak\u00edtott 50 m magas kil\u00e1t\u00f3. Tal\u00e1lunk itt egy kempinget is, ami kiv\u00e1l\u00f3an alkalmas arra, hogy n\u00e9h\u00e1ny napra elb\u00fajjunk a Vil\u00e1g el\u0151l, de ak\u00e1r arra is, hogy kiindul\u00f3pontk\u00e9nt haszn\u00e1ljuk a mindennapi t\u00far\u00e1inkhoz egy nyaral\u00e1s idej\u00e9re.\u00a0<br \/>A Keleti-M\u00e1tr\u00e1hoz legk\u00f6zelebb es\u0151 turista k\u00f6zpont Par\u00e1d, melynek nevezetess\u00e9ge a par\u00e1df\u00fcrd\u0151i gy\u00f3gyv\u00edz, amit palackoznak is.\u00a0<br \/>Az orsz\u00e1g legmagasabban fekv\u0151 k\u00f6zs\u00e9ge M\u00e1traszentimre, mely tulajdonk\u00e9ppen 6 telep\u00fcl\u00e9sb\u0151l \u00e1ll (M\u00e1traszentimre, M\u00e1traszentistv\u00e1n, M\u00e1traszentl\u00e1szl\u00f3, Bagolyirt\u00e1s, Fall\u00f3sk\u00fat \u00e9s a legmagasabban fekv\u0151 telep\u00fcl\u00e9sr\u00e9sz: Galyatet\u0151).<\/p>\r\n<p>Teljesen mindegy, hogy az \u00e9vnek melyik szak\u00e1ban vagyunk, ezek a hegyek mindig tudnak \u00fajat mutatni nek\u00fcnk. Nagyon gazdag a n\u00f6v\u00e9ny-, \u00e9s \u00e1llatvil\u00e1ga, \u00fcd\u00fcl\u0151helyei pedig v\u00e1ltozatos kikapcsol\u00f3d\u00e1st ny\u00fajtanak az akt\u00edv pihen\u00e9sre v\u00e1gy\u00f3knak is. <br \/>Ebben a blogban egy csod\u00e1s kalandoz\u00e1sra h\u00edvlak Benneteket, fedezz\u00fck fel egy\u00fctt a hegyeket, a kir\u00e1ndul\u00f3helyeket, \u00e9s a term\u00e9szet adta lehet\u0151s\u00e9geket!<\/p>\r\n<p>&nbsp;<\/p>","type":"rich"}

Mátra

A konyha ördöge

Kiránduljunk a Mátrában!

<p>A hegyek szeretete benne van a véremben. A gyermek-, és ifjú koromat a Budai-hegyek ölelésében töltöttem el, és ugyan jelenleg sík területen lakom, sosem tudtam elszakadni a hegyvidéktől. A családommal minden nyaralásunkat és számtalan kirándulásunkat is a hegyek közé tervezzük. Mostani lakóhelyemhez az Északi-középhegység van a legközelebb, ezért gyakran teszünk látogatásokat a Mátrában.<br /><br /></p>
[caption id="attachment_5" align="alignright" width="368"]<img class=" wp-image-5" src="https://matra.cafeblog.hu/files/2020/10/Mátra-térkép.jpg" alt="" width="368" height="239" /> forrás: pixabay.com[/caption]
<p>Az ország legmagasabb csúcsa a Kékestető, meredek északi-, és lankásabb nyugati sípályája miatt télen különösen nagy népszerűségnek örvend. Manapság már nem feltétel a hóesés sem, hóágyúkkal remek sípályákat alakítanak ki (de azért az az igazi, ha a fák is havasak, nem csak a sípálya). A Kékes – Mátraháza sípálya, Magyarország leghosszabb lesiklópályája, melyen nemzetközi versenyek lebonyolítására alkalmas síugró sánc is épült.<br />A nemzetközi hírű mátraházi tüdőszanatórium nyitott az egészségturisztikára is, mely, a Svájci-Magyar Együttműködési Program keretein belül valósulhat meg. A több, mint 75 éves intézet építésekor Európa legnagyobb tüdőintézete volt. A jó levegő garancia a sikeres gyógykezelésekre.<br /><br /></p>
[caption id="attachment_6" align="alignleft" width="314"]<img class=" wp-image-6" src="https://matra.cafeblog.hu/files/2020/10/A-Mátra-ősszel.jpg" alt="" width="314" height="209" /> forrás: pixabay.com[/caption]
<p>Sástón található Magyarország egyik legmagasabban fekvő tava, melynek jellegzetessége az olajfúró toronyból átalakított 50 m magas kilátó. Találunk itt egy kempinget is, ami kiválóan alkalmas arra, hogy néhány napra elbújjunk a Világ elől, de akár arra is, hogy kiindulópontként használjuk a mindennapi túráinkhoz egy nyaralás idejére. <br />A Keleti-Mátrához legközelebb eső turista központ Parád, melynek nevezetessége a parádfürdői gyógyvíz, amit palackoznak is. <br />Az ország legmagasabban fekvő községe Mátraszentimre, mely tulajdonképpen 6 településből áll (Mátraszentimre, Mátraszentistván, Mátraszentlászló, Bagolyirtás, Fallóskút és a legmagasabban fekvő településrész: Galyatető).</p>
<p>Teljesen mindegy, hogy az évnek melyik szakában vagyunk, ezek a hegyek mindig tudnak újat mutatni nekünk. Nagyon gazdag a növény-, és állatvilága, üdülőhelyei pedig változatos kikapcsolódást nyújtanak az aktív pihenésre vágyóknak is. <br />Ebben a blogban egy csodás kalandozásra hívlak Benneteket, fedezzük fel együtt a hegyeket, a kirándulóhelyeket, és a természet adta lehetőségeket!</p>
<p>&nbsp;</p>
